-2))/(((-18)/(-2))/(-3)).
1
Let t(a) = a**3 + 9*a**2 - 57*a - 54. Calculate the remainder when t(-13) is divided by 4.
3
Let q(r) = r**2 + 5*r + 3. Let k be q(-5). Suppose 0*l + 28 = l + 3*v, -k*v = -2*l + 20. Let f = 491 + -484. Calculate the remainder when l is divided by f.
2
Suppose 0 = t - 52 + 13. What is the remainder when 153 is divided by t?
36
Let f = -2074 + 2084. What is the remainder when f is divided by 10?
0
Let p = 372 + -298. Calculate the remainder when p is divided by 19.
17
What is the remainder when (-2)/(8/(-292)) + (-33 - -25) is divided by 44?
21
Calculate the remainder when ((-13)/(-13))/((-2)/(-10))*7 is divided by 12.
11
Let v(l) = l**3 + 2*l**3 - 7 + 5*l**2 - 4*l**3 + 0*l + 5*l. Calculate the remainder when 35 is divided by v(5).
17
Let q = 27 - 21. Let l be (-2)/(2 - 0) - -13. What is the remainder when 83 is divided by l + 1*(q + -4)?
13
Calculate the remainder when -1 + 1 + 0 - -62 is divided by (-3)/(-12)*(108 + -20).
18
Suppose 12*g = 16*g - 128. What is the remainder when 124 is divided by g?
28
Suppose -3*h - 15 = 0, x = -h + 3*h + 14. Suppose -2*r + 3*j + 2*j - 1 = 0, -10 = -3*r - x*j. What is the remainder when 4 is divided by r?
0
Suppose -o - 120 = -6*o. Calculate the remainder when o*(2/2 - 0) is divided by 14.
10
Let j(y) = -6*y - 27. Let m = 9 - 9. Suppose m = -3*v - 19 - 17. Calculate the remainder when j(v) is divided by 12.
9
Let h = -9 + 17. Let c(x) be the second derivative of -x**3/6 + x**2/2 - x. What is the remainder when h is divided by c(-2)?
2
Calculate the remainder when 135 is divided by (-3105)/(-108) + (-1)/(-4).
19
Suppose -5*i = 30*x - 34*x - 23, -2*i - 4 = 5*x. Calculate the remainder when 47 is divided by i.
2
Let k be 3/(-2) - (-21)/14. Suppose 5*z + 2*w - 209 = k, -24 = -z + w + 15. What is the remainder when 122 is divided by z?
40
Calculate the remainder when 89 is divided by (5/2)/5*30.
14
Let s be 17 + (4 - 3) - 2. Let b be (1 + 2)*112/s. Suppose -2*k = -b - 33. Calculate the remainder when k is divided by 14.
13
Let y = 8 - 6. Suppose 10 = 5*u + y*g, 2*u + g - 2 = u. Suppose 0 = -5*h - 6*j + 5*j + 29, 0 = -h + 2*j - 3. What is the remainder when h is divided by u?
1
Suppose 0 = y + 79 - 69. Let o = y - -25. What is the remainder when 34 is divided by o?
4
Let y = -227 - -261. What is the remainder when y is divided by 12?
10
Suppose -m = 3*b - 15, b - 1 = -36*m + 37*m. Let a = 0 - -2. Calculate the remainder when m is divided by a.
1
Let v(g) = 7*g**2 + 8*g - 4. Let q be v(-6). Suppose -x - 4 = -2*x. Suppose p = -x*p + q. What is the remainder when p is divided by 7?
5
Let n(o) = o**3 - 5*o**2 - 9*o - 10. Let l be n(7). Suppose -5*x = -3*q - 2*q - l, 0 = q - 4. Calculate the remainder when 15 is divided by x.
6
Let d(n) = -7*n**2 - 7*n + 3. Let a(b) = -15*b**2 - 15*b + 6. Let p(v) = 2*a(v) - 5*d(v). Calculate the remainder when p(1) is divided by 5.
2
Let y(x) = -3*x - 4. Let p be y(-4). Let w = p - -6. Let q = w - 8. Calculate the remainder when 22 is divided by q.
4
Suppose -d - 2*d = 5*l + 19, 4*d + 5*l + 17 = 0. Suppose 4*t - 2 = d. What is the remainder when 44 is divided by 17 - (t/(-1))/(-1)?
12
Calculate the remainder when 129 is divided by ((-1)/10*5)/(1/(-52)).
25
Let v(i) = 2*i**2 + 33*i + 67. What is the remainder when v(-28) is divided by 31?
29
Let d = 11 - 6. Let z(p) = 2*p**2 - p - 2. Calculate the remainder when z(d) is divided by 11.
10
Calculate the remainder when 428 is divided by (2 - -16)*20/10.
32
Let j(o) = o**2 - 5*o + 7. Let s(t) = t**3 - 13*t**2 + 54*t - 215. Calculate the remainder when s(10) is divided by j(6).
12
What is the remainder when 6 + 8 - (0 - 0) is divided by 1/3 - (-23)/3?
6
Suppose -3*j = 49*p - 54*p + 1969, 4*p - 1570 = 5*j. Calculate the remainder when p is divided by 80.
75
Let p be 198/42 + 4/14. Suppose -4*d + 167 = p*w - 6, 5*d - 208 = 2*w. Calculate the remainder when 9 is divided by (-1)/(-2) - d/(-12).
1
Suppose 0 = 5*v + 145*h - 147*h - 1530, 5*v - h - 1530 = 0. What is the remainder when v is divided by 31?
27
Let p = 5 - 3. Suppose 2*c = -p*c + 8. Suppose -b = -3*s + 40, -c*s + 4*s - 2*b = 32. Calculate the remainder when 22 is divided by s.
10
What is the remainder when (-2057)/(-34) + (-3)/2 is divided by 32?
27
Let s(l) = l**3 + 42*l**2 + 79*l + 41. Calculate the remainder when 246 is divided by s(-40).
3
Suppose 23*p + 936 = 32*p. What is the remainder when 1036 is divided by p?
100
Suppose 46*a + 357 = 49*a. What is the remainder when a is divided by 11?
9
Let p(h) = 64*h**2 - 4*h + 4. Let k be p(1). Let m = -47 + k. Let j(w) = -3*w + 1. What is the remainder when m is divided by j(-3)?
7
Let s(t) = t**2 - 3*t - 5. Let m be s(5). Suppose 40 + 10 = m*f. What is the remainder when 78 is divided by f?
8
Let p = 4 + 45. Let s = p + -21. Let i = -2498 + 2503. Calculate the remainder when s is divided by i.
3
Let g(t) = -11*t - 30. Calculate the remainder when 531 is divided by g(-4).
13
Suppose -3*s + 2*y + 108 = -368, 5*s - 5*y = 800. What is the remainder when s is divided by 55?
46
Let l = -17 - -24. Let g(i) = -i + 7. Let t be g(l). Suppose -k + 2*k = t, 2*o = 4*k + 46. What is the remainder when 68 is divided by o?
22
Suppose -2*h + 0*h - 5*z + 1 = 0, -19 = -3*h - 4*z. Calculate the remainder when 49 is divided by h.
10
Suppose -653 + 155 = -6*z. What is the remainder when z is divided by 3*6 + -1 + -3?
13
Suppose 4*z = 3*z. Suppose z = -5*g + 5 + 25. Suppose 0 = -g*t + t + 140. Calculate the remainder when 111 is divided by t.
27
Let l be (-18)/5*(-45 + -15). Suppose -2*v = -14*v + l. What is the remainder when 68 is divided by v?
14
Let n(x) = -10*x + 76. Suppose 2*o = -o + 18. Suppose -o = -4*w - 4*m + 10, m = 0. Calculate the remainder when n(7) is divided by w.
2
Let k(t) = -t + 22. Let h = 7 + 5. Let l(j) = -j**2 + 9*j - 10. What is the remainder when k(h) is divided by l(7)?
2
Suppose -5*q = -q. Suppose 2*r - 9 - 15 = q. Let k = -47 - -51. What is the remainder when r is divided by k?
0
Let t be (60/9)/((-8)/(-12)). Let j be t/14 + (-12)/(-42). What is the remainder when 31 is divided by (j - -7) + 1/1?
4
Let j(z) = 3*z**2 + z - 1. Let f be (-42)/((9/(-15))/(6/15)). Let q = 9 + f. What is the remainder when q is divided by j(2)?
11
Let a(f) = f**2 - 4*f - 12. Let y be a(7). Suppose -7*b + y*b = 36. What is the remainder when 71 is divided by b?
17
What is the remainder when 168 is divided by ((-147)/(-6) + 1)*(-90)/(-135)?
15
Let s(i) = 28*i + 9. Calculate the remainder when s(2) is divided by 11.
10
Let b(y) = y**3 - y**2 - 2*y - 6. Let z be b(3). What is the remainder when (-2)/(z/69)*-1 is divided by 8?
7
Suppose 5*j - 3968 = -11*j. Calculate the remainder when j is divided by 10.
8
Suppose -5*z = -2*z - 0*z. Suppose -5*m + 430 = -z*m. What is the remainder when m is divided by 45?
41
Suppose -24*a + 252 = 12. Calculate the remainder when 31 is divided by a.
1
Let n be (0 - -1)*(5 - -6). Suppose -n*p - 63 = -173. What is the remainder when 45 is divided by p?
5
Let h(g) = -2*g**2 - 56*g - 72. What is the remainder when 447 is divided by h(-26)?
31
Let l be 1/(1/2)*-1. Let k(q) = -q**2 + 2*q - 17. Let w be k(-5). What is the remainder when 48 is divided by l/((-1)/(w/(-8)))?
9
Let t = -25 - -53. Suppose -300 = -5*a + 110. Suppose 6*x = a - 22. Calculate the remainder when t is divided by x.
8
Suppose 3*a - 34 = 41. Suppose x + 142 - 583 = -3*t, 5*t + 4*x = 721. Calculate the remainder when t is divided by a.
24
Let y = -621 - -644. Calculate the remainder when y is divided by 15.
8
Let w(x) = -x + 45. What is the remainder when w(-5) is divided by 14?
8
Let q = 10 + 0. Let b(d) = 5*d - 16. Let r be b(8). Let i = 41 - r. What is the remainder when i is divided by q?
7
Let r(o) = -o**3 + 8*o**2 - 7*o + 7. Let k be r(5). Suppose -6*p + k = -43. Calculate the remainder when p is divided by 5.
0
Suppose 4*c - 298 + 36 = -5*k, 2*c = k - 58. Calculate the remainder when 268 is divided by k.
52
Let m be (2 + -1 + 0)*-12. Calculate the remainder when 4 + (-39)/m + 3/(-12) is divided by 4.
3
Let h = 14 - 25. Let d(o) = -2*o - 5. Let f be d(h). Suppose 9 - f = -x. Calculate the remainder when 21 is divided by x.
5
Let s = 10 - 5. Let h be -1*(-7 + 3) - 4. Suppose s*p = h, 50 = 5*n + 4*p - 2*p. What is the remainder 